{"id":1444,"date":"2024-03-03T17:04:28","date_gmt":"2024-03-03T17:04:28","guid":{"rendered":"https:\/\/www.sportowieccodzienny.pl\/?page_id=1444"},"modified":"2025-09-22T18:57:17","modified_gmt":"2025-09-22T18:57:17","slug":"gabinet-fizjoterapii","status":"publish","type":"page","link":"https:\/\/www.sportowieccodzienny.pl\/index.php\/gabinet-fizjoterapii\/","title":{"rendered":"Lokalizacja gabinetu"},"content":{"rendered":"\n<div style=\"height:20px\" aria-hidden=\"true\" class=\"wp-block-spacer\"><\/div>\n\n\n\n<h1 class=\"wp-block-heading alignwide\">Lokalizacja gabinetu<\/h1>\n\n\n\n<div class=\"wp-block-group alignwide\"><div class=\"wp-block-group__inner-container is-layout-constrained wp-block-group-is-layout-constrained\">\n<div class=\"wp-block-group alignwide\"><div class=\"wp-block-group__inner-container is-layout-constrained wp-block-group-is-layout-constrained\">\n<div class=\"wp-block-group\"><div class=\"wp-block-group__inner-container is-layout-constrained wp-block-group-is-layout-constrained\">\n<h4 class=\"wp-block-heading\">Witaj w Gabinecie Fizjoterapii jedyne 2km od centrum Katowic.<\/h4>\n\n\n\n<p>Nazywam si\u0119 Dominik Mroczkowski i jestem fizjoterapeut\u0105 z wieloletnim do\u015bwiadczeniem. Prowadz\u0119 firm\u0119 SPORTOWIEC CODZIENNY i specjalizuj\u0119 si\u0119 w urazach ortopedycznych. Zapraszam do mojego gabinetu fizjoterapii, znajdziesz go ju\u017c 2km od centrum Katowic, w miejscu z \u0142atwym dojazdem dla pacjent\u00f3w.  <\/p>\n\n\n\n<h4 class=\"wp-block-heading\">Lokalizacja gabinetu<\/h4>\n\n\n\n<p>Gabinet zlokalizowany jest w dzielnicy Bogucice przy ul. Blachnickiego 2. Wej\u015bcie od zewn\u0105trz budynku. Dla pacjent\u00f3w zmotoryzowanych dost\u0119py jest rozleg\u0142y darmowy parking. Dla os\u00f3b podr\u00f3\u017cuj\u0105cych komunikacj\u0105 miejsk\u0105 dojazd jest mo\u017cliwy tramwajem na przystanek &#8222;S\u0142oneczna p\u0119tla&#8221; lub autobusem na przystanek &#8222;Bogucice Ko\u015bci\u00f3\u0142&#8221;.<\/p>\n\n\n\n<h4 class=\"wp-block-heading\">Jak nas znale\u017a\u0107?<\/h4>\n\n\n\n<p>Wed\u0142ug mapki poni\u017cej trafisz bez problemu do mojego gabinetu. W przypadku wszelkich trudno\u015bci lub pyta\u0144 nie wahaj si\u0119 skontaktuj si\u0119 ze mn\u0105. Udziel\u0119 wszelkich dodatkowych informacji. <\/p>\n<\/div><\/div>\n<\/div><\/div>\n\n\n\n<iframe src=\"https:\/\/www.google.com\/maps\/embed?pb=!1m18!1m12!1m3!1d2549.9322612332044!2d19.03392647604946!3d50.27452340001607!2m3!1f0!2f0!3f0!3m2!1i1024!2i768!4f13.1!3m3!1m2!1s0x4716ce29082acfd3%3A0x112383fe4be43e50!2sksi%C4%99dza%20Franciszka%20Blachnickiego%202%2C%2040-177%20Katowice!5e0!3m2!1spl!2spl!4v1709485811459!5m2!1spl!2spl\" width=\"600\" height=\"450\" style=\"border:0;\" allowfullscreen=\"\" loading=\"lazy\" referrerpolicy=\"no-referrer-when-downgrade\"><\/iframe>\n<\/div><\/div>\n\n\n\n<div class=\"wp-block-group alignwide\"><div class=\"wp-block-group__inner-container is-layout-constrained wp-block-group-is-layout-constrained\">\n<h4 class=\"wp-block-heading alignwide\">Um\u00f3w wizyt\u0119<\/h4>\n\n\n\n<p>Przed przybyciem do gabinetu um\u00f3w wizyt\u0119, aby\u015b mia\u0142 pewno\u015b\u0107, \u017ce wybrana przez Ciebie godzina jest dost\u0119pna. <\/p>\n<\/div><\/div>\n\n\n\n<div class=\"wp-block-buttons is-content-justification-center is-layout-flex wp-container-core-buttons-is-layout-16018d1d wp-block-buttons-is-layout-flex\">\n<div class=\"wp-block-button\"><a class=\"wp-block-button__link has-nv-dark-bg-color has-neve-link-color-background-color has-text-color has-background has-link-color wp-element-button\" href=\"https:\/\/www.znanylekarz.pl\/dominik-mroczkowski\/fizjoterapeuta\/katowice\" target=\"_blank\" rel=\"noreferrer noopener\">UM\u00d3W WIZYT\u0118<\/a><\/div>\n<\/div>\n\n\n\n<div style=\"height:50px\" aria-hidden=\"true\" class=\"wp-block-spacer\"><\/div>\n","protected":false},"excerpt":{"rendered":"<p>Lokalizacja gabinetu Witaj w Gabinecie Fizjoterapii jedyne 2km od centrum Katowic. Nazywam si\u0119 Dominik Mroczkowski i jestem fizjoterapeut\u0105 z wieloletnim do\u015bwiadczeniem. Prowadz\u0119 firm\u0119 SPORTOWIEC CODZIENNY i specjalizuj\u0119 si\u0119 w urazach ortopedycznych. Zapraszam do mojego gabinetu fizjoterapii, znajdziesz go ju\u017c 2km od centrum Katowic, w miejscu z \u0142atwym dojazdem dla pacjent\u00f3w. Lokalizacja gabinetu Gabinet zlokalizowany jest&hellip;&nbsp;<a href=\"https:\/\/www.sportowieccodzienny.pl\/index.php\/gabinet-fizjoterapii\/\" rel=\"bookmark\">Dowiedz si\u0119 wi\u0119cej &raquo;<span class=\"screen-reader-text\">Lokalizacja gabinetu<\/span><\/a><\/p>\n","protected":false},"author":1,"featured_media":1614,"parent":0,"menu_order":0,"comment_status":"closed","ping_status":"closed","template":"","meta":{"neve_meta_sidebar":"","neve_meta_container":"","neve_meta_enable_content_width":"","neve_meta_content_width":0,"neve_meta_title_alignment":"","neve_meta_author_avatar":"","neve_post_elements_order":"","neve_meta_disable_header":"","neve_meta_disable_footer":"","neve_meta_disable_title":"on","footnotes":""},"class_list":["post-1444","page","type-page","status-publish","has-post-thumbnail","hentry"],"yoast_head":"<!-- This site is optimized with the Yoast SEO plugin v26.8 - https:\/\/yoast.com\/product\/yoast-seo-wordpress\/ -->\n<title>Gabinet Fizjoterapii w centrum Katowic - Sportowiec Codzienny<\/title>\n<meta name=\"description\" content=\"Zapraszamy do gabinetu fizjoterapii w centrum Katowic, przy ul. Blachnickiego 2 (Bogucice), wej\u015bcie od zewn\u0105trz budynku.\" \/>\n<meta name=\"robots\" content=\"index, follow, max-snippet:-1, max-image-preview:large, max-video-preview:-1\" \/>\n<link rel=\"canonical\" href=\"https:\/\/www.sportowieccodzienny.pl\/index.php\/gabinet-fizjoterapii\/\" \/>\n<meta property=\"og:locale\" content=\"pl_PL\" \/>\n<meta property=\"og:type\" content=\"article\" \/>\n<meta property=\"og:title\" content=\"Gabinet Fizjoterapii w centrum Katowic - Sportowiec Codzienny\" \/>\n<meta property=\"og:description\" content=\"Zapraszamy do gabinetu fizjoterapii w centrum Katowic, przy ul. Blachnickiego 2 (Bogucice), wej\u015bcie od zewn\u0105trz budynku.\" \/>\n<meta property=\"og:url\" content=\"https:\/\/www.sportowieccodzienny.pl\/index.php\/gabinet-fizjoterapii\/\" \/>\n<meta property=\"og:site_name\" content=\"Sportowiec Codzienny\" \/>\n<meta property=\"article:publisher\" content=\"https:\/\/www.facebook.com\/SportowiecCodzienny\" \/>\n<meta property=\"article:modified_time\" content=\"2025-09-22T18:57:17+00:00\" \/>\n<meta property=\"og:image\" content=\"https:\/\/www.sportowieccodzienny.pl\/wp-content\/uploads\/2024\/04\/rolled-maps-wooden-desk-scaled.jpg\" \/>\n\t<meta property=\"og:image:width\" content=\"2560\" \/>\n\t<meta property=\"og:image:height\" content=\"1709\" \/>\n\t<meta property=\"og:image:type\" content=\"image\/jpeg\" \/>\n<meta name=\"twitter:card\" content=\"summary_large_image\" \/>\n<meta name=\"twitter:label1\" content=\"Szacowany czas czytania\" \/>\n\t<meta name=\"twitter:data1\" content=\"2 minuty\" \/>\n<script type=\"application\/ld+json\" class=\"yoast-schema-graph\">{\"@context\":\"https:\/\/schema.org\",\"@graph\":[{\"@type\":\"WebPage\",\"@id\":\"https:\/\/www.sportowieccodzienny.pl\/index.php\/gabinet-fizjoterapii\/\",\"url\":\"https:\/\/www.sportowieccodzienny.pl\/index.php\/gabinet-fizjoterapii\/\",\"name\":\"Gabinet Fizjoterapii w centrum Katowic - Sportowiec Codzienny\",\"isPartOf\":{\"@id\":\"https:\/\/www.sportowieccodzienny.pl\/#website\"},\"primaryImageOfPage\":{\"@id\":\"https:\/\/www.sportowieccodzienny.pl\/index.php\/gabinet-fizjoterapii\/#primaryimage\"},\"image\":{\"@id\":\"https:\/\/www.sportowieccodzienny.pl\/index.php\/gabinet-fizjoterapii\/#primaryimage\"},\"thumbnailUrl\":\"https:\/\/www.sportowieccodzienny.pl\/wp-content\/uploads\/2024\/04\/rolled-maps-wooden-desk-scaled.jpg\",\"datePublished\":\"2024-03-03T17:04:28+00:00\",\"dateModified\":\"2025-09-22T18:57:17+00:00\",\"description\":\"Zapraszamy do gabinetu fizjoterapii w centrum Katowic, przy ul. Blachnickiego 2 (Bogucice), wej\u015bcie od zewn\u0105trz budynku.\",\"breadcrumb\":{\"@id\":\"https:\/\/www.sportowieccodzienny.pl\/index.php\/gabinet-fizjoterapii\/#breadcrumb\"},\"inLanguage\":\"pl-PL\",\"potentialAction\":[{\"@type\":\"ReadAction\",\"target\":[\"https:\/\/www.sportowieccodzienny.pl\/index.php\/gabinet-fizjoterapii\/\"]}]},{\"@type\":\"ImageObject\",\"inLanguage\":\"pl-PL\",\"@id\":\"https:\/\/www.sportowieccodzienny.pl\/index.php\/gabinet-fizjoterapii\/#primaryimage\",\"url\":\"https:\/\/www.sportowieccodzienny.pl\/wp-content\/uploads\/2024\/04\/rolled-maps-wooden-desk-scaled.jpg\",\"contentUrl\":\"https:\/\/www.sportowieccodzienny.pl\/wp-content\/uploads\/2024\/04\/rolled-maps-wooden-desk-scaled.jpg\",\"width\":2560,\"height\":1709,\"caption\":\"Obraz autorstwa freepik\"},{\"@type\":\"BreadcrumbList\",\"@id\":\"https:\/\/www.sportowieccodzienny.pl\/index.php\/gabinet-fizjoterapii\/#breadcrumb\",\"itemListElement\":[{\"@type\":\"ListItem\",\"position\":1,\"name\":\"Strona g\u0142\u00f3wna\",\"item\":\"https:\/\/www.sportowieccodzienny.pl\/\"},{\"@type\":\"ListItem\",\"position\":2,\"name\":\"Lokalizacja gabinetu\"}]},{\"@type\":\"WebSite\",\"@id\":\"https:\/\/www.sportowieccodzienny.pl\/#website\",\"url\":\"https:\/\/www.sportowieccodzienny.pl\/\",\"name\":\"Sportowiec Codzienny\",\"description\":\"Strona firmy Sportowiec Codzienny\",\"publisher\":{\"@id\":\"https:\/\/www.sportowieccodzienny.pl\/#organization\"},\"potentialAction\":[{\"@type\":\"SearchAction\",\"target\":{\"@type\":\"EntryPoint\",\"urlTemplate\":\"https:\/\/www.sportowieccodzienny.pl\/?s={search_term_string}\"},\"query-input\":{\"@type\":\"PropertyValueSpecification\",\"valueRequired\":true,\"valueName\":\"search_term_string\"}}],\"inLanguage\":\"pl-PL\"},{\"@type\":\"Organization\",\"@id\":\"https:\/\/www.sportowieccodzienny.pl\/#organization\",\"name\":\"Sportowiec Codzienny\",\"url\":\"https:\/\/www.sportowieccodzienny.pl\/\",\"logo\":{\"@type\":\"ImageObject\",\"inLanguage\":\"pl-PL\",\"@id\":\"https:\/\/www.sportowieccodzienny.pl\/#\/schema\/logo\/image\/\",\"url\":\"https:\/\/www.sportowieccodzienny.pl\/wp-content\/uploads\/2022\/04\/cropped-Logo-wersja-podstawowa.png\",\"contentUrl\":\"https:\/\/www.sportowieccodzienny.pl\/wp-content\/uploads\/2022\/04\/cropped-Logo-wersja-podstawowa.png\",\"width\":200,\"height\":194,\"caption\":\"Sportowiec Codzienny\"},\"image\":{\"@id\":\"https:\/\/www.sportowieccodzienny.pl\/#\/schema\/logo\/image\/\"},\"sameAs\":[\"https:\/\/www.facebook.com\/SportowiecCodzienny\",\"https:\/\/www.instagram.com\/sportowiec_codzienny\/\"]}]}<\/script>\n<!-- \/ Yoast SEO plugin. -->","yoast_head_json":{"title":"Gabinet Fizjoterapii w centrum Katowic - Sportowiec Codzienny","description":"Zapraszamy do gabinetu fizjoterapii w centrum Katowic, przy ul. Blachnickiego 2 (Bogucice), wej\u015bcie od zewn\u0105trz budynku.","robots":{"index":"index","follow":"follow","max-snippet":"max-snippet:-1","max-image-preview":"max-image-preview:large","max-video-preview":"max-video-preview:-1"},"canonical":"https:\/\/www.sportowieccodzienny.pl\/index.php\/gabinet-fizjoterapii\/","og_locale":"pl_PL","og_type":"article","og_title":"Gabinet Fizjoterapii w centrum Katowic - Sportowiec Codzienny","og_description":"Zapraszamy do gabinetu fizjoterapii w centrum Katowic, przy ul. Blachnickiego 2 (Bogucice), wej\u015bcie od zewn\u0105trz budynku.","og_url":"https:\/\/www.sportowieccodzienny.pl\/index.php\/gabinet-fizjoterapii\/","og_site_name":"Sportowiec Codzienny","article_publisher":"https:\/\/www.facebook.com\/SportowiecCodzienny","article_modified_time":"2025-09-22T18:57:17+00:00","og_image":[{"width":2560,"height":1709,"url":"https:\/\/www.sportowieccodzienny.pl\/wp-content\/uploads\/2024\/04\/rolled-maps-wooden-desk-scaled.jpg","type":"image\/jpeg"}],"twitter_card":"summary_large_image","twitter_misc":{"Szacowany czas czytania":"2 minuty"},"schema":{"@context":"https:\/\/schema.org","@graph":[{"@type":"WebPage","@id":"https:\/\/www.sportowieccodzienny.pl\/index.php\/gabinet-fizjoterapii\/","url":"https:\/\/www.sportowieccodzienny.pl\/index.php\/gabinet-fizjoterapii\/","name":"Gabinet Fizjoterapii w centrum Katowic - Sportowiec Codzienny","isPartOf":{"@id":"https:\/\/www.sportowieccodzienny.pl\/#website"},"primaryImageOfPage":{"@id":"https:\/\/www.sportowieccodzienny.pl\/index.php\/gabinet-fizjoterapii\/#primaryimage"},"image":{"@id":"https:\/\/www.sportowieccodzienny.pl\/index.php\/gabinet-fizjoterapii\/#primaryimage"},"thumbnailUrl":"https:\/\/www.sportowieccodzienny.pl\/wp-content\/uploads\/2024\/04\/rolled-maps-wooden-desk-scaled.jpg","datePublished":"2024-03-03T17:04:28+00:00","dateModified":"2025-09-22T18:57:17+00:00","description":"Zapraszamy do gabinetu fizjoterapii w centrum Katowic, przy ul. Blachnickiego 2 (Bogucice), wej\u015bcie od zewn\u0105trz budynku.","breadcrumb":{"@id":"https:\/\/www.sportowieccodzienny.pl\/index.php\/gabinet-fizjoterapii\/#breadcrumb"},"inLanguage":"pl-PL","potentialAction":[{"@type":"ReadAction","target":["https:\/\/www.sportowieccodzienny.pl\/index.php\/gabinet-fizjoterapii\/"]}]},{"@type":"ImageObject","inLanguage":"pl-PL","@id":"https:\/\/www.sportowieccodzienny.pl\/index.php\/gabinet-fizjoterapii\/#primaryimage","url":"https:\/\/www.sportowieccodzienny.pl\/wp-content\/uploads\/2024\/04\/rolled-maps-wooden-desk-scaled.jpg","contentUrl":"https:\/\/www.sportowieccodzienny.pl\/wp-content\/uploads\/2024\/04\/rolled-maps-wooden-desk-scaled.jpg","width":2560,"height":1709,"caption":"Obraz autorstwa freepik"},{"@type":"BreadcrumbList","@id":"https:\/\/www.sportowieccodzienny.pl\/index.php\/gabinet-fizjoterapii\/#breadcrumb","itemListElement":[{"@type":"ListItem","position":1,"name":"Strona g\u0142\u00f3wna","item":"https:\/\/www.sportowieccodzienny.pl\/"},{"@type":"ListItem","position":2,"name":"Lokalizacja gabinetu"}]},{"@type":"WebSite","@id":"https:\/\/www.sportowieccodzienny.pl\/#website","url":"https:\/\/www.sportowieccodzienny.pl\/","name":"Sportowiec Codzienny","description":"Strona firmy Sportowiec Codzienny","publisher":{"@id":"https:\/\/www.sportowieccodzienny.pl\/#organization"},"potentialAction":[{"@type":"SearchAction","target":{"@type":"EntryPoint","urlTemplate":"https:\/\/www.sportowieccodzienny.pl\/?s={search_term_string}"},"query-input":{"@type":"PropertyValueSpecification","valueRequired":true,"valueName":"search_term_string"}}],"inLanguage":"pl-PL"},{"@type":"Organization","@id":"https:\/\/www.sportowieccodzienny.pl\/#organization","name":"Sportowiec Codzienny","url":"https:\/\/www.sportowieccodzienny.pl\/","logo":{"@type":"ImageObject","inLanguage":"pl-PL","@id":"https:\/\/www.sportowieccodzienny.pl\/#\/schema\/logo\/image\/","url":"https:\/\/www.sportowieccodzienny.pl\/wp-content\/uploads\/2022\/04\/cropped-Logo-wersja-podstawowa.png","contentUrl":"https:\/\/www.sportowieccodzienny.pl\/wp-content\/uploads\/2022\/04\/cropped-Logo-wersja-podstawowa.png","width":200,"height":194,"caption":"Sportowiec Codzienny"},"image":{"@id":"https:\/\/www.sportowieccodzienny.pl\/#\/schema\/logo\/image\/"},"sameAs":["https:\/\/www.facebook.com\/SportowiecCodzienny","https:\/\/www.instagram.com\/sportowiec_codzienny\/"]}]}},"_links":{"self":[{"href":"https:\/\/www.sportowieccodzienny.pl\/index.php\/wp-json\/wp\/v2\/pages\/1444","targetHints":{"allow":["GET"]}}],"collection":[{"href":"https:\/\/www.sportowieccodzienny.pl\/index.php\/wp-json\/wp\/v2\/pages"}],"about":[{"href":"https:\/\/www.sportowieccodzienny.pl\/index.php\/wp-json\/wp\/v2\/types\/page"}],"author":[{"embeddable":true,"href":"https:\/\/www.sportowieccodzienny.pl\/index.php\/wp-json\/wp\/v2\/users\/1"}],"replies":[{"embeddable":true,"href":"https:\/\/www.sportowieccodzienny.pl\/index.php\/wp-json\/wp\/v2\/comments?post=1444"}],"version-history":[{"count":17,"href":"https:\/\/www.sportowieccodzienny.pl\/index.php\/wp-json\/wp\/v2\/pages\/1444\/revisions"}],"predecessor-version":[{"id":2021,"href":"https:\/\/www.sportowieccodzienny.pl\/index.php\/wp-json\/wp\/v2\/pages\/1444\/revisions\/2021"}],"wp:featuredmedia":[{"embeddable":true,"href":"https:\/\/www.sportowieccodzienny.pl\/index.php\/wp-json\/wp\/v2\/media\/1614"}],"wp:attachment":[{"href":"https:\/\/www.sportowieccodzienny.pl\/index.php\/wp-json\/wp\/v2\/media?parent=1444"}],"curies":[{"name":"wp","href":"https:\/\/api.w.org\/{rel}","templated":true}]}}